6 + r - -11) is divided by t?
6
Let r be (-2)/(-5) + (-4)/10. Suppose 4*g = -r*g + 20. Calculate the remainder when 7 is divided by g.
2
Let a = 12 - -16. Let w = 19 + a. Let j(v) = 3*v**2 - v - 2. Calculate the remainder when w is divided by j(-2).
11
Let g = -63 - -75. Calculate the remainder when 35 is divided by g.
11
Let u(h) = -4*h**3 - 2*h**2 + 2*h. Let t be u(2). What is the remainder when (-9)/t - (-147)/4 is divided by 19?
18
Let a(i) = -i**3 + 5*i**2 + 6*i - 3. Let s be a(6). Let g be 2/s + (-2)/6. Calculate the remainder when 18 is divided by g/2 - 84/(-8).
8
Suppose 18 + 2 = 2*f. What is the remainder when 49 is divided by f?
9
Let d(w) = -w**2 - 7*w - 7. Let v be d(-5). Let n(h) = 8*h**2 - h - 2. Let q be n(-2). Suppose v*r = -r + q. What is the remainder when r is divided by 5?
3
Let m = 78 - 43. Calculate the remainder when m is divided by 6.
5
Suppose 59 = 3*m - 4. Calculate the remainder when m is divided by 6.
3
Let m(d) = -2*d**2 + d. Let z be m(-1). Let b(j) = -6*j + 1. What is the remainder when b(z) is divided by (-1)/(-3) - 116/(-12)?
9
Suppose -5*h = -h - 12. Calculate the remainder when (-1 - 0) + 1*62 is divided by 20/h*(-24)/(-10).
13
Suppose 0 = -8*u + 3*u + 20. Calculate the remainder when 5 is divided by (2 - 10/u)*-6.
2
Let p(l) = l**3 - 3*l**2 - 7*l + 7. What is the remainder when 63 is divided by p(5)?
19
Let q(j) = j**2 - 10*j - 7. Suppose -3*y + 53 = 5*s, 104 - 33 = 5*y + 4*s. What is the remainder when q(y) is divided by 2?
0
Let z(j) = 3*j - 3. Let l(w) be the first derivative of -3*w**2/2 - 8*w - 3. Calculate the remainder when l(-8) is divided by z(3).
4
Let g be (-4)/(-12) - 1/3. What is the remainder when (17 - g)*(3 - 2) is divided by 5?
2
Let v = 10 - 8. Suppose v*p - 5*q - 15 = 29, -q - 19 = -p. Let c = -67 + 116. What is the remainder when c is divided by p?
15
Suppose -2*v = h - 39, -3*v + 2*h + 37 + 4 = 0. What is the remainder when 49 is divided by v?
15
Let i be 22/6 + 2/(-3). Suppose t + 13 = x, -1 - 1 = -t. Suppose i*p + x = o, 27 = 5*o + p - 0*p. Calculate the remainder when 11 is divided by o.
5
Suppose 4*h = -b + 80, 3*b - 80 = 2*b + 4*h. Calculate the remainder when b is divided by 41.
39
Suppose 0 = 5*c - 19 - 61. Suppose -j - 3*j - c = 0. Let f(m) = -10*m + 1. What is the remainder when f(j) is divided by 14?
13
Suppose -220 = 9*g - 13*g. What is the remainder when g is divided by 28?
27
Let q = 51 + -35. What is the remainder when q is divided by 6?
4
Suppose -4*p + 213 = -i + 2*i, -3*p + 156 = 2*i. Suppose 3*k - p + 9 = 0. Let o = 32 + k. What is the remainder when o is divided by 16?
15
Suppose -2*f - 5*j + 31 = 0, -4*f - j + 17 = -6*j. Calculate the remainder when 31 is divided by f.
7
Let r(h) = -3*h - 32. What is the remainder when 37 is divided by r(-14)?
7
Let m = 133 + -60. Calculate the remainder when m is divided by 38.
35
Suppose -12 = -4*q - 0. What is the remainder when 5 is divided by q?
2
Let s = 4 - 1. Suppose 2*i = i + s. Calculate the remainder when 4 is divided by i.
1
Let q(k) = -k**3 - k**2 + 2*k + 3. Let v be q(-2). Let f be v*(-1)/(-3) - -4. Suppose -46 = -f*a + 129. Calculate the remainder when a is divided by 12.
11
Let k = -9 - -12. Calculate the remainder when (k/(-2))/((-2)/72) is divided by 14.
12
Suppose 0 = 5*x - 283 - 82. Suppose 2*t + 2*t + f - x = 0, 3*t + 5*f = 76. Let z(n) = 2*n**2 - 5*n + 8. What is the remainder when z(5) is divided by t?
16
Let t(q) = -q**3 + 16*q**2 + 21*q - 5. What is the remainder when t(17) is divided by 32?
31
Suppose -4*d + 46 = 5*u, -5*u + 24 = 2*d - 3*u. Let r be (15 - 0)*(-2)/(-6). Suppose 5*h - r = 4*h. Calculate the remainder when d is divided by h.
4
Suppose -5*v + 3 = -7. Suppose -3*a - v*a = -50. What is the remainder when 17 is divided by a?
7
Let i(l) = -l**3 + 5*l**2 + 1. Calculate the remainder when 50 is divided by i(4).
16
Calculate the remainder when (-9)/2*(-18)/3 is divided by 7.
6
Let f be (-2 + 0 - -5)*1. What is the remainder when 5 is divided by ((-1)/f)/(1/(-6))?
1
Suppose -6 = -2*a - 3*a - 2*k, -8 = -3*a + k. Let l = a + 1. What is the remainder when 5 is divided by l?
2
Suppose -5*s = 5*y - 40, y + 0*y = -5*s + 8. Let v(b) = -3*b**2 + b + 4. Let g be v(-4). Let k = -26 - g. Calculate the remainder when k is divided by y.
6
Let t(s) = -s**3 + 8*s**2 - 9*s + 2. Let z = -245 - -283. What is the remainder when z is divided by t(6)?
18
Let a = 12 - 21. Let b = -1 - a. Suppose 0 = 3*n + 4*d - 65, -3*n = -3*d - 10 - 20. What is the remainder when n is divided by b?
7
Suppose -i - 3*i + 136 = 0. What is the remainder when i is divided by 12?
10
Let g(v) = -v**3 + 8*v**2 - 2*v + 3. Let p be g(8). Let y = p - -19. What is the remainder when 11 is divided by y?
5
Let q(s) = -s**3 - 6*s**2 + 4. Suppose 5*d = -c - 34, 0*d + 5*c + 2 = 3*d. Calculate the remainder when 11 is divided by q(d).
3
Let s(j) = j**2 + 11*j - 5. Calculate the remainder when s(-12) is divided by 4.
3
Let j(q) = -q**3 + 4*q**2 + 9*q + 2. Let n(h) = h**3 - 4*h**2 - 8*h - 1. Let v(g) = 4*j(g) + 5*n(g). Calculate the remainder when 15 is divided by v(5).
7
Suppose x = -4*x + 185. Calculate the remainder when x is divided by 13.
11
Suppose 5*y + 2*t - 3 = 62, 24 = 4*y - 4*t. Calculate the remainder when y is divided by 0 + -1 + 0 + 4.
2
Let y(j) = j**2 - 2*j - 1. Suppose 3*b + 15 = -0. Calculate the remainder when y(b) is divided by 18.
16
Let i(k) = -k**2 + 30. Let d(f) = -f**3 + 25*f**2 - 46*f + 11. Calculate the remainder when i(0) is divided by d(23).
8
Let n(j) = -11*j**3 + 7*j**2 - 7*j - 23. Let t(c) = -5*c**3 + 3*c**2 - 3*c - 11. Let p(u) = 4*n(u) - 9*t(u). What is the remainder when 13 is divided by p(0)?
6
Suppose 3*f - 16 = 146. Let r = f + -33. What is the remainder when r is divided by 8?
5
Suppose 6*s = 13*s - 868. What is the remainder when s is divided by 21?
19
Let m = -32 + 64. Suppose 0 = -0*s - 4*s + 4*a + m, 0 = -4*a - 8. Calculate the remainder when 17 is divided by s.
5
Let o = 1 - -1. Suppose 5 = o*q - 5. What is the remainder when 13 is divided by q?
3
Suppose 5*a - 4*f - 2 = 0, -5 = -3*a + f - 1. Suppose -3*b + 3*r = 81, -a*b + 5*r - 35 = 10. Let l = b - -69. What is the remainder when l is divided by 20?
19
Suppose -5 = -4*t + 3. Suppose 0 = i, -2*m + 48 = t*m + 5*i. Calculate the remainder when 23 is divided by m.
11
Let n = -8 - -13. Suppose 2*q - 1 = n. What is the remainder when (2/4)/((-3)/(-60)) is divided by q?
1
Let f(l) = 7*l**3 - l**2 - 3*l + 1. Calculate the remainder when f(2) is divided by 8.
7
Let q(c) = 2*c - 7. Let y be q(6). Let m be 10 - 3*20/15. Suppose y*g + 5 = m*g. What is the remainder when 19 is divided by g?
4
Suppose -4*d + 2*i + 2*i + 44 = 0, -4*i + 12 = 3*d. Calculate the remainder when 21 is divided by d.
5
Let x(t) = 3*t - 5. Suppose 0 = y - 3*j - 8, -2*y - 5*j = -y. What is the remainder when 29 is divided by x(y)?
9
Let o = -4 - -14. What is the remainder when o is divided by 6?
4
Let u be 2/5 + 140/25. Suppose u*j = j + 15. What is the remainder when 10 is divided by j?
1
Let v = -13 + 19. Suppose -9 - v = -i. What is the remainder when 43 is divided by i?
13
Let p(k) = k. Let d be p(3). Let u be 8/3*d/4. Suppose -3*b = -u*b - 2. Calculate the remainder when 5 is divided by b.
1
Suppose -4*c = -7*c - 4*s + 7, c + s = 3. Let u(n) = n - 1. What is the remainder when c is divided by u(4)?
2
Let d be -1*(1 + -1*2). Let t be 3*((-10)/6 + d). Calculate the remainder when 11 is divided by (-11)/(-2) + (-1)/t.
5
Let w = -106 + 120. Calculate the remainder when 93 is divided by w.
9
Suppose 2*h + 5*o - 29 = 0, -4*h + 3*h + 7 = 5*o. Calculate the remainder when 84 is divided by h.
18
Let b = -7 + 5. Calculate the remainder when b/3 + 89/3 is divided by 15.
14
Let r(j) = 1 - 7*j - 3 + 0. Calculate the remainder when (-5)/(2*1/(-14)) is divided by r(-2).
11
Suppose -2*c - 3*c - 47 = -x, -x + 39 = 3*c. Calculate the remainder when x is divided by 22.
20
Let o(a) = 2*a - 1. Let u be o(7). Suppose h = 4*h + 2*b + 8, h = -4*b + 4. Let n = u + h. What is the remainder when n is divided by 5?
4
Let d(g) = -g**2 - 13*g - 1. Calculate the remainder when d(-12) is divided by 7.
4
Let m(c) = 36*c**3 + 1. Let w(t) = 5*t**3 - 2*t**2 + 2*t + 1. Let d be w(2). Let h = -18 + d. Calculate the remainder when m(1